 -1?
1
Suppose s = -23*o + 28*o + 14737, -58840 = -4*s + 2*o. What is the hundreds digit of s?
7
Suppose -2*i - 5*u + 4315 = 0, -3*i - 3*u = i - 8637. Suppose 17*l = 8*l + i. What is the units digit of l?
0
Suppose -18*f = 26*f + 66*f - 139150. What is the tens digit of f?
6
Let n = 8094 + -2882. What is the units digit of n?
2
Let d be (-6*(-3)/9)/2. Let a be (-1)/4*6*(d - 3). What is the hundreds digit of (-4 + a)/((-3)/462 - 0)?
1
Suppose 0 = k - 2 + 5, -5*q - 5*k = -101645. Suppose 0 = -27*i + 50*i - q. What is the hundreds digit of i?
8
Suppose -2496 = 3*l + 5*m, -l - 3*m = 930 - 102. Let v = l - -2306. What is the hundreds digit of v?
4
Let f(k) = 510*k**3 + 2*k**2 + k. Let t be f(-1). Let r = -300 - t. Suppose 5*v - 356 = r. What is the hundreds digit of v?
1
Let i(p) = 67*p - 91. Let z = -684 - -686. What is the tens digit of i(z)?
4
Let i(w) = 0*w**2 + 3 - 5*w**2 + 10*w + 0*w**2 + 4*w**2. Let c be i(10). Suppose 1323 = -c*z + 10*z. What is the hundreds digit of z?
1
Let q(p) be the second derivative of -p**4/12 - p**3/3 + 31*p**2/2 + 18*p. Let g be q(-16). Let n = g - -285. What is the units digit of n?
2
Suppose -17*p = -15*p + 4*g - 11396, 22847 = 4*p - 3*g. What is the thousands digit of p?
5
Let r be -8 + 0/(-1 - -3). Let k(p) = p**2 + 11*p + 12. Let a be k(r). Let n = a + 41. What is the units digit of n?
9
Suppose 2*a + 34 = 4*m, 4*a = 2*a - 10. Let x be (13/m*154)/((-4)/12). What is the tens digit of x/(-4) - 1/4?
5
Suppose -4*z = -16*z - 35*z + 2760874. What is the thousands digit of z?
8
Let b(l) be the first derivative of 55*l**3/3 + l**2/2 + 2*l + 33. Let g be b(-2). Suppose -3*u + 182 = -g. What is the tens digit of u?
3
Suppose 0 = -b + 102 + 46. Let t = -286 + b. Let x = t - -257. What is the units digit of x?
9
Let c(h) = -4*h**2 + 161*h - 126. What is the hundreds digit of c(37)?
3
Suppose n = -253 + 1008. Suppose 0 = v + 3*p - 765, -v - 2*p - n = -2*v. What is the tens digit of v?
5
Let a = 17589 + -12265. What is the tens digit of a?
2
Let i(h) = -h + 26 - 2*h + 6*h - 20. Let p be i(-12). What is the tens digit of (21*4/p)/((-1)/25)?
7
Let x(y) = 0*y + 25*y**3 + 14*y**3 + y + 6 - y**2 - 49*y**3. What is the hundreds digit of x(-3)?
2
Suppose 0 = -43*p - 33*p + 669104. What is the thousands digit of p?
8
Suppose 4*v - 42930 = -h, -5*h - 11784 = -3*v + 20379. What is the ten thousands digit of v?
1
Let l = 33673 - 23913. Suppose -3*w = -r + 1373 - 7229, 2*r - l = -5*w. What is the hundreds digit of w?
9
Suppose -29*n - 33673 = -3*z - 31*n, n = -1. What is the hundreds digit of z?
2
Suppose 75*l = 79*l - 684. What is the units digit of (-1 + l - 1) + 6?
5
Suppose 0 = 5*p - 44 - 51. Let c = 21 - p. Suppose -c*l - 8 = 0, 79 = -4*u + 3*l + 255. What is the tens digit of u?
4
Let j be (4 - 21/2)*(-1 - 1). Suppose 40 = -j*q + 17*q. Suppose -1190 = -q*t - 170. What is the tens digit of t?
0
What is the tens digit of 219 + -206 + 1452/2?
3
Let b(r) = r**2 - r - 2. Let u be b(3). Suppose -2078 = -u*f - 522. What is the hundreds digit of f?
3
Let s(f) = -3090*f + 21. Let g be s(-2). Suppose 4*m + i - g = 2*i, -5*m + 7740 = -5*i. What is the units digit of m?
1
Let t(d) = -8*d + 9. Let i(v) = -4*v + 5. Let z(q) = 13*i(q) - 6*t(q). Let j be z(-3). Let x = 32 - j. What is the units digit of x?
9
Suppose -12*t + 19*t - 44*t + 277019 = 0. What is the tens digit of t?
8
Let s be 3/(-12) - 1576/(-32). Let g = s - -42. Let h = 24 + g. What is the tens digit of h?
1
Suppose 0 = -0*d + d + 2*o - 7057, 3*d = 5*o + 21149. Suppose d = 8*g - 1995. What is the tens digit of g?
3
What is the ten thousands digit of 2*5/(-35) + -5 + (-502776)/(-28)?
1
What is the units digit of (-8 + 45/(-2))/((-2)/5048)?
2
Let q be ((-129)/(-2))/((-2)/292). What is the hundreds digit of (-64)/(-6)*q/(-146)?
6
Suppose 0 = -10*d - 35 - 35. Let m(a) = a**2 - 4*a - 54. What is the tens digit of m(d)?
2
Let g(x) = x**3 - 28*x**2 - 26*x + 430. What is the tens digit of g(40)?
9
Let s(o) = 2*o**2 + 46*o + 383. What is the units digit of s(-83)?
3
Let z = 5 + 148. Suppose 2*v - z = -7. What is the units digit of v?
3
Let t = 109789 + -22585. What is the thousands digit of t?
7
Suppose 0 = -x - 4*x + 2*j - 6, -2*x - 9 = -3*j. Suppose 4*s + 167 - 35 = x. Let a = s - -74. What is the tens digit of a?
4
Let k(j) = j**3 + 3*j**2 - 5*j + 25017. Let h be k(0). What is the units digit of (-2*1/6)/((-31)/h)?
9
Let o = 17306 - 10378. What is the thousands digit of o?
6
Let w(p) = 3*p**3 - 25*p**2 + 153*p - 47. What is the ten thousands digit of w(32)?
7
Suppose 0 = -3*j + 4*p + 72829, 46504 = 2*j - 2*p - 2044. What is the hundreds digit of j?
2
Let v(l) = -94*l**3 + 9*l**2 + 21*l + 1. What is the hundreds digit of v(-6)?
5
Let g = 147 + 184. Let b = g - -70. What is the units digit of b?
1
Let k(s) = 40*s**3 + 2*s**2 - 1. Let g be k(1). Suppose -g*c + 40*c = -26. Suppose -22*d - 68 = -c*d. What is the units digit of d?
7
Let l = -1194 - -6255. What is the hundreds digit of l?
0
Let n(o) = 390*o**3 + 10*o**2 - 16*o + 16. What is the ten thousands digit of n(5)?
4
Suppose -127*n = -3*r - 128*n + 15681, -4*r - 2*n = -20908. What is the thousands digit of r?
5
Let p(s) = 91*s**2 - 16*s + 29. Let o(l) = l**3 - 6*l**2 + 3*l + 12. Let t be o(5). What is the tens digit of p(t)?
6
Let h(m) = -150*m + 972. What is the thousands digit of h(-47)?
8
Suppose -9 = -4*j + j. Suppose -8*r = -7*r - j. Suppose r*w - 4*m = -w + 112, -3*w = -5*m - 88. What is the tens digit of w?
2
Let r = 3033 + -3115. Suppose -2*s - 3*u = -441, 2*u + 2*u = s - 226. Let i = s + r. What is the tens digit of i?
4
Suppose -4*x + 11 = -u, -2*u - 3*x = -2*x - 14. Let g be 1/2*(u + -5). Suppose -2*z + 54 + 32 = g. What is the tens digit of z?
4
Suppose 4*l + 80*y = 78*y + 26860, -26842 = -4*l + y. What is the thousands digit of l?
6
Let o = 38 + 198. What is the tens digit of (-6)/(-17 - -5)*o?
1
Let y be 1 - 1 - 4 - (-26 + 19). What is the tens digit of (1 - (-478)/4)*(y + 1)?
8
Suppose 20*p = 25*p + 5*a - 26910, -p = -a - 5372. What is the thousands digit of p?
5
Suppose -4*f - 2 = 2*v + 3*v, 3*f = 3*v - 15. Suppose -v*i + 648 = 238. What is the units digit of i?
5
Let d(o) = 0*o**3 - 1 + 5*o - o**3 + 18*o - 12*o**2 - 10*o. Let u be d(-13). What is the units digit of (u/4)/(13/(-1612))?
1
Suppose 0 = 3*u + 4 - 34. Let i be (-12)/(-7) - u/(-35). Suppose -166 = -5*v - 4*w, i*v - w = 3*v - 33. What is the units digit of v?
4
Suppose 3*s - 7424 = -g + 45185, -8*s = -5*g - 140237. What is the ten thousands digit of s?
1
Let p(c) = -c + 12. Let d be p(12). Suppose -v + 261 = -669. Suppose d = -33*y + 28*y + v. What is the tens digit of y?
8
Let i be 1 - (3 + 3) - (-16 - -35). What is the thousands digit of -3*(7840/i + -8)?
1
What is the hundreds digit of 2/16 + (-2 - 1073431/(-136))?
8
Let q(f) be the first derivative of f**4/4 + 6*f**3 + 6*f**2 - 2*f + 106. What is the units digit of q(-17)?
3
Suppose -77532 = -5*d - l, -30*d - 3*l = -27*d - 46536. What is the hundreds digit of d?
5
Let v(j) = -34*j - 101. Suppose 29 = -m + 4*z, 43 = -6*m + 3*m + z. What is the tens digit of v(m)?
4
Let w(c) be the third derivative of 7*c**4/8 - 15*c**3/2 + 20*c**2 - 1. What is the tens digit of w(16)?
9
Let q(h) = 4005*h**3 - 4*h + 1. What is the tens digit of q(1)?
0
Suppose 0 = 5*m - d - 30610, -3*m + 21*d - 19*d = -18373. What is the thousands digit of m?
6
Suppose f = -2*z + 2*f + 9991, -3*z + 3*f + 14979 = 0. What is the tens digit of z?
9
Let o = 418 - 409. Suppose 0 = -o*m + 30*m - 11424. What is the hundreds digit of m?
5
Let d = -10 - -150. Let r = 57 + d. What is the hundreds digit of r?
1
Let y(p) = p**3 - 26*p**2 - 41*p + 116. Let z be y(27). What is the tens digit of z*((-2)/(-4) + -2)?
9
Suppose -12*j = -14*j + 60. Let r = j + -30. Suppose 2*u + 3*a - 7*a - 356 = r, -3*a = -12. What is the hundreds digit of u?
1
Let f(m) be the third derivative of m**6/120 - 41*m**5/60 - 23*m**4/24 + 61*m**3/3 - 23*m**2 - 3. What is the tens digit of f(42)?
2
Let c(p) = -p**3 - 12*p**2 - 10*p + 13. Let j be c(-11). Suppose -j*z + 146 = -256. What is the hundreds digit of z?
2
Let k(n) = -37*n - 20. Let g be k(-5). Let y = 907 - 266. Suppose -7*z + y = g. What is the tens digit of z?
6
Let u(z) = -z - 5. Suppose 3*a = 2*a + 4*k, 5*a + 4*k